t is q(34)?
-5
Let d(v) = 636775*v + 4457421. Determine d(-7).
-4
Let d(r) = r**3 - 23*r**2 - 488*r + 1214. What is d(-15)?
-16
Let t(w) = 8*w**3 - 401*w**2 - 22*w + 3606. Calculate t(50).
6
Let r(v) = -v**3 - 148*v**2 + 140*v - 37. What is r(-149)?
1304
Let l(r) = -17*r**2 + 85*r + 189. Determine l(10).
-661
Let q(c) = 3041*c**2 + 133802*c - 71. What is q(-44)?
17
Let s(b) = 1548300*b + 13934695. Calculate s(-9).
-5
Let q(b) = -b**3 - 676*b**2 - 2229*b - 1967361. What is q(-677)?
1
Let s(z) = 1544*z**2 + 107*z - 105. Calculate s(1).
1546
Let p(s) = -2*s**3 + 532*s**2 + 2174*s - 3867. Determine p(270).
-87
Let j(m) = 8*m**2 - 62*m - 19. Determine j(5).
-129
Let y(p) = 271*p + 10757. What is y(-45)?
-1438
Let b(c) = -c**3 + 80*c**2 + 267*c - 8844. Give b(82).
-398
Let j(u) = -73479*u + 146964. Calculate j(2).
6
Let r(i) = 381116*i + 3811211. Give r(-10).
51
Let w(z) = -260*z**2 - 2601*z - 2601. Calculate w(-1).
-260
Let b(c) = 546*c**2 - 12012*c - 96. Determine b(22).
-96
Let o(c) = 12*c**3 - 72*c**2 + 54*c - 304. Determine o(6).
20
Let q(u) = -41*u**2 + 888*u - 4403. Give q(5).
-988
Let i(s) = -12*s**3 - 2429*s**2 - 1031*s - 4225. Calculate i(-202).
17
Let g(w) = -2137*w + 15240. Determine g(10).
-6130
Let w(r) = -r**3 + 2*r**2 + 43*r + 49. What is w(-4)?
-27
Let w(l) = 4*l**2 - 7090*l + 2880101. Give w(1142).
-23
Let k(t) = -2*t**3 + 25*t**2 + 6*t + 1734. Give k(16).
38
Let v(d) = 10*d**3 - 31*d**2 - 162*d - 76. Calculate v(-6).
-2380
Let z(y) = 5*y**3 + 2799*y**2 - 518*y + 23701. What is z(-560)?
181
Let y(p) = p**3 + 30*p**2 - 151*p - 6263. What is y(-27)?
1
Let n(k) = -49729*k + 7956644. Calculate n(160).
4
Let o(c) = c**2 + 13303*c - 640845. Calculate o(48).
3
Let a(z) = 152*z**2 - 22276*z + 12263. Give a(146).
-1
Let k(y) = 16136*y + 2468838. Calculate k(-153).
30
Let x(q) = q**2 + 4968*q + 520120. What is x(-107)?
-7
Let a(y) = 320*y - 91798. Give a(288).
362
Let y(d) = 12*d**3 - 126*d**2 + 74*d - 146. Calculate y(10).
-6
Let s(c) = 1492*c + 14668. Determine s(-10).
-252
Let b(t) = -982*t + 15693. Determine b(16).
-19
Let v(u) = u**3 + 199*u**2 - 786*u + 5299. Calculate v(-203).
21
Let n(b) = -4*b**3 - 27*b**2 + 30*b + 169. What is n(-7)?
8
Let r(m) = -149*m**2 + 5523*m - 77. Calculate r(37).
293
Let v(s) = -2882*s - 28916. Determine v(-10).
-96
Let d(q) = -59*q**2 + 4858*q - 186. Calculate d(82).
1454
Let v(n) = 779*n**2 - 2350*n + 1. Calculate v(3).
-38
Let i(g) = -g**2 - 106*g + 223. What is i(-112)?
-449
Let t(c) = 3*c**2 + 1802*c + 270562. Give t(-301).
-37
Let k(t) = -27416*t - 520905. What is k(-19)?
-1
Let b(x) = 1403*x + 208048. Calculate b(-148).
404
Let w(f) = f**3 - 74*f**2 + 249*f + 1258. What is w(70)?
-912
Let i(p) = -7*p**2 + 26250*p + 105087. Calculate i(-4).
-25
Let n(x) = -x**2 + 36766*x - 294180. Give n(8).
-116
Let x(q) = 3870*q - 8992. What is x(3)?
2618
Let s(n) = 2*n**3 + 16*n**2 - 2757*n + 2744. Determine s(1).
5
Let v(f) = -5*f**3 - 159*f**2 + 34*f - 99. Determine v(-32).
-163
Let f(u) = 216*u**2 + 4072*u - 592. Give f(-19).
16
Let v(p) = 24951*p + 49909. Calculate v(-2).
7
Let a(c) = -89560*c + 2149436. Determine a(24).
-4
Let k(s) = s**2 - 13*s - 605. What is k(27)?
-227
Let x(b) = b**3 - 109*b**2 - 228*b + 729. Calculate x(111).
63
Let r(j) = 4*j**2 + 1018*j + 32548. Determine r(-217).
-2
Let c(y) = -48314*y - 5362849. What is c(-111)?
5
Let q(t) = -6132*t + 981119. Determine q(160).
-1
Let z(w) = -1893*w + 43545. Give z(23).
6
Let c(h) = h**3 + 70*h**2 + 1205*h - 325. Calculate c(-26).
-1911
Let c(o) = -20533*o + 574916. Determine c(28).
-8
Let w(f) = 19832*f - 396510. Determine w(20).
130
Let n(h) = -59*h**2 - 1234*h + 1236. Determine n(1).
-57
Let s(m) = 276*m + 7525. What is s(-25)?
625
Let a(p) = 2*p**2 - 9945*p + 296554. Calculate a(30).
4
Let k(v) = v**2 - 64*v + 631. What is k(46)?
-197
Let u(s) = 3*s**2 - 110*s - 971. Determine u(-8).
101
Let p(q) = 7894*q + 118456. Give p(-15).
46
Let q(m) = m**3 - 25*m**2 + 119*m - 34. Determine q(19).
61
Let n(q) = 1065*q + 5140. Determine n(-4).
880
Let m(o) = 247*o + 1222. Calculate m(-5).
-13
Let u(j) = -40*j**2 + 2907*j + 955. What is u(73)?
6
Let x(v) = 42*v**2 - 4650*v - 1336. Give x(111).
-4
Let h(z) = -11*z**2 + 196*z + 216. What is h(23)?
-1095
Let t(j) = 5*j**2 + 463*j - 576. Determine t(-92).
-852
Let j(d) = -d**3 + 49*d**2 - 323*d + 1180. Give j(42).
-38
Let v(z) = 33*z**3 + 859*z**2 - 776*z - 20836. Give v(-26).
16
Let m(i) = i**3 - 45*i**2 - 5644*i + 675. What is m(-56)?
3
Let g(a) = 58*a**3 - 650*a**2 + 130*a - 9. What is g(11)?
-31
Let a(x) = 16*x**3 + 638*x**2 - 78*x + 27. Calculate a(-40).
-53
Let c(r) = -r**3 + 39*r**2 + 1878*r - 24. Give c(67).
110
Let w(n) = 6445*n + 20291. Give w(-3).
956
Let m(b) = -694*b - 17333. Give m(-25).
17
Let c(v) = -1847*v + 38344. What is c(21)?
-443
Let k(s) = 70*s - 9883. What is k(140)?
-83
Let p(c) = 18730*c - 149936. Give p(8).
-96
Let x(q) = -713*q - 238162. Give x(-334).
-20
Let t(o) = -3*o**3 + 18*o**2 + 11427*o - 57214. Determine t(5).
-4
Let s(o) = 2*o**3 - 56*o**2 + 350*o + 397. Give s(17).
-11
Let v(h) = 101*h**2 - 11854*h - 44395. Calculate v(121).
12
Let u(x) = 64902*x - 129595. Give u(2).
209
Let d(m) = -13*m**2 + 182*m - 364. Calculate d(2).
-52
Let w(b) = -28*b**3 - 7*b**2 + 186*b + 822. Determine w(-4).
1758
Let i(n) = 2*n**2 + 108*n - 371. Calculate i(-60).
349
Let t(l) = -677*l - 10999. What is t(-21)?
3218
Let c(l) = 3*l**3 - 68*l**2 + 232*l - 55. Determine c(17).
-1024
Let f(c) = -18*c**2 + 404*c + 2804. What is f(-7)?
-906
Let m(s) = 2*s**3 + 351*s**2 - 202*s - 4514. What is m(-176)?
62
Let b(c) = -4*c**2 + 590*c - 5291. Determine b(9).
-305
Let m(z) = 6256*z + 17089. Give m(-3).
-1679
Let v(j) = 7313*j + 1352883. What is v(-185)?
-22
Let a(i) = -2*i**2 + 93*i - 917. What is a(58)?
-2251
Let i(m) = 15*m**3 - 52*m**2 - 326*m + 741. Give i(2).
1
Let h(n) = -39*n**3 - 54*n**2 + 50*n - 34. Calculate h(3).
-1423
Let f(c) = 4*c**2 + 743*c + 22335. Determine f(-148).
-13
Let c(v) = -530*v - 136584. Give c(-258).
156
Let j(d) = 62*d**3 + 1200*d**2 + 459*d + 773. Give j(-19).
-6
Let t(c) = -61660*c + 185024. What is t(3)?
44
Let x(y) = 38*y**2 + 9959*y + 29873. Give x(-3).
338
Let b(k) = k**3 + 27*k**2 - 334*k + 134. Calculate b(9).
44
Let a(s) = -s**2 + 33*s + 279. Determine a(40).
-1
Let k(m) = -2*m**3 - 21*m**2 + 11*m - 235. Give k(0).
-235
Let j(b) = 19*b**2 + 4312*b + 1182. Calculate j(-226).
-2886
Let z(v) = -171*v**3 - 6*v**2 - 39*v - 2. What is z(0)?
-2
Let p(q) = -12*q**2 - 1798*q - 5021. Calculate p(-147).
-23
Let c(v) = 38*v**2 + 329*v + 92. Calculate c(-8).
-108
Let g(x) = 91*x**2 - 5014*x + 4912. Calculate g(1).
-11
Let a(o) = -3*o**2 - 47*o + 131. Calculate a(-17).
63
Let l(f) = -f**3 + 27*f**2 - 54*f - 4. Give l(4).
148
Let s(w) = -2*w**3 + 25*w**2 + 1374*w - 19011. What is s(14)?
-363
Let w(v) = 421*v - 6519. Determine w(18).
1059
Let b(g) = -36*g**2 + 3315*g - 9961. Calculate b(3).
-340
Let w(x) = -6317*x - 277953. Give w(-44).
-5
Let l(x) = x**3 - 500*x**2 + 3878*x + 28535. Give l(492).
-1
Let m(n) = 533*n**3 - 4233*n**2 - 208*n + 14. Calculate m(8).
334
Let r(k) = -89*k**2 + 8555*k - 17113. What is r(2)?
-359
Let m(b) = -472*b - 70995. What is m(-152)?
749
Let u(l) = 12521*l + 525842. Give u(-42).
-40
Let t(d) = 69*d + 5396. What is t(-88)?
-676
Let m(v) = -530*v - 31020. Calculate m(-59).
250
Let n(p) = 4*p**2 + 91*p - 32. What is n(-23)?
-9
Let n(q) = -3*q**3 - 12*q**2 - 881*q - 5496. Give n(-6).
6
Let o(c) = 2*c**2 - 279*c - 16135. Calculate o(-44).
13
Let k(c) = c**3 - 518*c**2 - 9728*c - 1452. Determine k(-18).
-12
Let o(z) = 11*z**3 + 41*z**2 - 9*z - 32. Calculate o(-6).
-878
Let b(d) = 6833*d + 293884. Determine b(-43).
65
Let c(m) = 88412*m**2 + 265241*m + 7. Give c(-3).
-8
Let p(d) = 848*d - 4880. Calculate p(7).
1056
Let x(f) = -f**3 - 398*f**2 - 1975*f - 4296. Determine x(-393).
-366
Let m(v) = 2*v**2 - 617*v + 4918. What is m(8)?
110
Let t(i) = -2*i**2 + 360*i - 15105. Calculate t(34).
-5177
Let k(p) = 17500*p - 85340. Determine k(5).
2160
Let h(s) = 304*s - 12511. Determine h(41).
-47
Let v(a) = -a**2 - 55*a + 64375. What is v(228)?
-149
Let x(b) = -2121*b + 35492. What is x(19)?
-4807
Let j(z) = -2*z**3 + 233*z**2 - 6787*z + 354. Determine j(57).
126
Let p(i) = -